0
What is the highest common factor of 135 and 297?
27
What is the highest common divisor of 256 and 2792?
8
What is the greatest common factor of 1065 and 45?
15
Calculate the highest common factor of 9291 and 627.
57
What is the highest common divisor of 123 and 451?
41
What is the highest common divisor of 7050 and 75?
75
Calculate the greatest common divisor of 8220 and 48.
12
What is the greatest common factor of 315 and 1197?
63
What is the greatest common divisor of 35 and 315?
35
Calculate the highest common divisor of 44 and 649.
11
What is the greatest common divisor of 672 and 126?
42
Calculate the highest common divisor of 956 and 8.
4
What is the highest common divisor of 393 and 3?
3
What is the highest common factor of 98 and 28?
14
Calculate the greatest common factor of 1271 and 328.
41
What is the greatest common factor of 589 and 76?
19
Calculate the highest common factor of 18 and 936.
18
What is the greatest common divisor of 2070 and 23?
23
Calculate the greatest common divisor of 12 and 636.
12
What is the highest common factor of 320 and 448?
64
What is the highest common factor of 3072 and 12?
12
What is the highest common divisor of 49 and 392?
49
What is the greatest common factor of 140 and 1505?
35
What is the greatest common divisor of 335 and 13936?
67
Calculate the greatest common divisor of 12 and 204.
12
What is the greatest common factor of 95 and 57?
19
Calculate the highest common factor of 4 and 2.
2
Calculate the highest common factor of 1666 and 3136.
98
What is the highest common divisor of 94 and 18142?
94
Calculate the greatest common divisor of 553 and 21.
7
What is the greatest common divisor of 672 and 70?
14
What is the greatest common divisor of 3 and 27?
3
What is the highest common divisor of 6150 and 10?
10
Calculate the greatest common factor of 168 and 192.
24
Calculate the highest common divisor of 135 and 5.
5
Calculate the highest common factor of 4342 and 26.
26
What is the greatest common divisor of 215 and 5?
5
What is the greatest common divisor of 567 and 243?
81
What is the greatest common factor of 72 and 828?
36
What is the highest common divisor of 4555 and 20?
5
Calculate the greatest common factor of 9126 and 845.
169
Calculate the highest common factor of 561 and 816.
51
What is the highest common factor of 20144 and 32?
16
What is the highest common divisor of 323 and 17?
17
What is the highest common factor of 3008 and 128?
64
Calculate the greatest common divisor of 77 and 14.
7
Calculate the highest common factor of 15 and 51.
3
Calculate the greatest common divisor of 70 and 340.
10
Calculate the greatest common divisor of 470 and 2726.
94
What is the greatest common divisor of 160 and 400?
80
Calculate the greatest common divisor of 182 and 882.
14
What is the highest common factor of 312 and 234?
78
What is the highest common factor of 100 and 1550?
50
What is the highest common factor of 133 and 38?
19
What is the highest common divisor of 103 and 515?
103
Calculate the highest common factor of 4183 and 445.
89
Calculate the highest common factor of 2580 and 660.
60
What is the highest common factor of 344 and 24?
8
What is the highest common divisor of 156 and 182?
26
What is the highest common factor of 54 and 14094?
54
Calculate the highest common divisor of 1395 and 495.
45
Calculate the greatest common factor of 4 and 196.
4
What is the greatest common factor of 452 and 1469?
113
Calculate the greatest common divisor of 52849 and 41.
41
What is the greatest common divisor of 196 and 147?
49
What is the greatest common factor of 4650 and 25?
25
What is the greatest common divisor of 14 and 2324?
14
What is the greatest common divisor of 236 and 56404?
236
What is the highest common factor of 196 and 78596?
196
Calculate the greatest common factor of 544 and 476.
68
Calculate the greatest common divisor of 61812 and 306.
306
Calculate the greatest common divisor of 1324 and 16.
4
What is the highest common factor of 4 and 862?
2
What is the highest common factor of 350 and 8?
2
What is the greatest common factor of 245 and 35?
35
What is the highest common factor of 1920 and 72?
24
What is the highest common divisor of 417 and 3?
3
Calculate the highest common factor of 4 and 52.
4
Calculate the greatest common divisor of 73 and 27594.
73
What is the highest common factor of 465 and 1005?
15
What is the greatest common divisor of 77 and 55?
11
Calculate the highest common divisor of 472 and 11741.
59
Calculate the highest common factor of 650 and 117.
13
Calculate the greatest common divisor of 759 and 297.
33
Calculate the greatest common factor of 40 and 270.
10
What is the greatest common divisor of 14 and 3794?
14
Calculate the greatest common factor of 32 and 5824.
32
Calculate the greatest common divisor of 722 and 76.
38
Calculate the highest common divisor of 561 and 51.
51
What is the greatest common factor of 34 and 391?
17
Calculate the greatest common divisor of 279 and 93.
93
What is the greatest common divisor of 6 and 438?
6
Calculate the highest common factor of 7857 and 97.
97
Calculate the greatest common factor of 915 and 61.
61
Calculate the greatest common divisor of 848 and 106.
106
Calculate the highest common divisor of 236 and 20.
4
Calculate the greatest common divisor of 10 and 14.
2
Calculate the greatest common factor of 8 and 276.
4
What is the greatest common divisor of 1155 and 399?
21
Calculate the greatest common divisor of 1003 and 59.
59
Calculate the greatest common factor of 10447 and 93.
31
Calculate the highest common factor of 1820 and 336.
28
What is the highest common factor of 55037 and 94?
47
Calculate the greatest common divisor of 18 and 402.
6
Calculate the highest common factor of 304 and 624.
16
What is the highest common divisor of 276 and 12?
12
What is the highest common divisor of 2670 and 9879?
267
What is the highest common factor of 14144 and 26?
26
Calculate the greatest common factor of 17 and 323.
17
Calculate the highest common factor of 378 and 28.
14
Calculate the highest common factor of 15 and 51.
3
What is the highest common factor of 1495 and 130?
65
What is the greatest common factor of 1280 and 3680?
160
Calculate the highest common divisor of 1492 and 100.
4
Calculate the highest common divisor of 16 and 16360.
8
What is the highest common divisor of 512 and 44?
4
Calculate the greatest common divisor of 50 and 58150.
50
Calculate the greatest common divisor of 3 and 81.
3
What is the highest common factor of 368 and 1426?
46
What is the highest common divisor of 4556 and 2948?
268
Calculate the highest common factor of 2392 and 8.
8
What is the highest common divisor of 140 and 35?
35
What is the greatest common divisor of 2651 and 319?
11
Calculate the highest common factor of 83 and 10541.
83
What is the highest common divisor of 68706 and 198?
198
Calculate the greatest common factor of 432 and 126.
18
Calculate the highest common divisor of 1224 and 360.
72
What is the highest common factor of 11502 and 18?
18
Calculate the highest common divisor of 150 and 40.
10
What is the greatest common divisor of 281 and 13769?
281
What is the greatest common divisor of 1002 and 668?
334
What is the highest common divisor of 80 and 112?
16
What is the greatest common factor of 1100 and 100?
100
Calculate the greatest common factor of 13 and 117.
13
What is the highest common factor of 1311 and 621?
69
Calculate the highest common factor of 9 and 2169.
9
Calculate the highest common divisor of 186 and 527.
31
Calculate the greatest common divisor of 798 and 3876.
114
What is the highest common divisor of 70 and 203?
7
Calculate the greatest common divisor of 154 and 350.
14
Calculate the greatest common factor of 684 and 304.
76
What is the greatest common factor of 93 and 2356?
31
What is the highest common divisor of 189 and 5544?
63
Calculate the highest common divisor of 28 and 124.
4
Calculate the greatest common divisor of 91 and 48048.
91
What is the highest common divisor of 82 and 164?
82
What is the greatest common divisor of 1782 and 88?
22
What is the highest common divisor of 55 and 11?
11
Calculate the highest common factor of 1702 and 230.
46
Calculate the highest common divisor of 15